) = r**3 + 5*r**2 + 3*r + 4. Let v be k(j). Calculate the greatest common factor of v and 16.
8
Suppose 4*w - 3*i - 3 = 1, 4*i = 0. Suppose 1 = 2*z - 3. Let l(c) = c**2 - 2*c + 1. Let g be l(z). What is the greatest common factor of w and g?
1
Suppose -3*s + 5*d + 808 = 0, -s + 3*d + 308 - 36 = 0. Calculate the highest common factor of s and 19.
19
Suppose 0 = -6*u + u + 75. Let q be (8/10)/(3/u). Suppose 40 = 5*o + 4*g, -g + 2*g = -o + 9. Calculate the greatest common divisor of o and q.
4
Let g be (-2)/(1/(-9) - 0). Let c(y) = 2*y**2 - 35*y + 19. Let w be c(17). What is the greatest common divisor of w and g?
2
Suppose -2*d = -5*h + 8*h - 34, 82 = 5*h - 3*d. Let y be (-18)/(-42) + 904/h. Calculate the greatest common factor of y and 13.
13
Let z be (-202)/(-6) + 1 + 6/18. Calculate the highest common divisor of 140 and z.
35
Suppose 5*w = -3*k + 156, 4*w + w - 4*k - 177 = 0. Calculate the highest common factor of 44 and w.
11
Let p = 69 + -66. Suppose -p - 6 = 3*b, 3*a + 4*b = 24. What is the highest common divisor of a and 48?
12
Let m be (154/6)/((-27)/(-162)). What is the highest common divisor of m and 28?
14
Suppose 5*x + 289 = 3559. Calculate the greatest common divisor of 6 and x.
6
Let v = -2024 - -2060. What is the greatest common divisor of v and 63?
9
Suppose -3*r + 20 = r. Suppose -n = f, r*f - f = -12. Let x be 117/n - (-1 + 5). Calculate the greatest common factor of 7 and x.
7
Let s be (-4)/(-10) + 176/10. Suppose 2*t = -5*r + 646, -2*r - 3*t = -89 - 165. Suppose -6*b + 670 = r. What is the greatest common factor of s and b?
18
Let c be (9/6)/((-1)/(-4)). Suppose 6*l - 3*l - 4*y - 524 = 0, -3*l + 519 = -3*y. Suppose -11*u + 15*u = l. Calculate the greatest common divisor of u and c.
6
Let a(t) = t**2 - 4*t + 17. Let b be a(6). Suppose -2*g = -b + 1. Calculate the highest common divisor of 28 and g.
14
Let y(i) = -i**3 - 7*i**2 - i - 5. Let c be y(-7). Suppose g - c*g + 5 = 0. Let m = 270 + -268. Calculate the highest common factor of g and m.
1
Let t be (-86 + -7 + 3)/(-1). Suppose 5*a - 2*a = t. What is the highest common divisor of 12 and a?
6
Suppose -273*l + 275*l = 1210. Calculate the highest common divisor of 55 and l.
55
Let o be 23 - (-6 + 5)*7. Calculate the greatest common factor of o and 570.
30
Suppose 0 = -3*c - 18 + 27. What is the highest common factor of 177 and c?
3
Suppose 5*w - 11*w + 432 = 0. Suppose d + d - w = 0. What is the highest common divisor of d and 54?
18
Let k be 57/95 - (-187)/5. Calculate the greatest common divisor of 19 and k.
19
Let f be 63 - ((-42)/(-7) - 8). Let o(d) = -5*d. Let l be o(-1). What is the highest common divisor of f and l?
5
Suppose i - 119 = 13*w - 16*w, -4*i - 2*w = -446. Calculate the highest common factor of 14 and i.
2
Suppose 0 = y - 0*y. Let q be 3/((45/25)/3). Suppose -q*l + 4*l + 13 = y. What is the highest common divisor of l and 39?
13
Let v(j) = 6*j**2 - 8*j - 19. Let m be v(-2). What is the highest common factor of m and 147?
21
Let s(g) = -g + 19. Let y be s(18). Let b be 30 - ((-3)/(-3) + y). Calculate the highest common factor of 70 and b.
14
Suppose 25*i = 67*i - 2016. Calculate the highest common divisor of 68 and i.
4
Let c(s) = s**2 - 7*s - 44. Let f be c(-8). Let o be 76/18 - (-8)/(-36). Calculate the highest common factor of f and o.
4
Let n be 0 + 2 + -63 + 7. Let x be n/24*(-1 - -5). Let m be (0 - -5)*(-9)/x. What is the highest common divisor of m and 5?
5
Let s(y) = 82*y - 175. Let z be s(7). Calculate the highest common divisor of 57 and z.
57
Let c = 3 + 88. What is the highest common factor of 7 and c?
7
Suppose -125*a + 127*a = -274. Let b = 187 + a. What is the greatest common divisor of 450 and b?
50
Let a(b) be the first derivative of 2*b**2 - 21*b - 1. Let j be a(10). What is the highest common factor of 19 and j?
19
Suppose -26*z + 24 = -25*z. Suppose z = -3*c + 90. Calculate the highest common factor of 2 and c.
2
Let d(q) = q**2 + 17*q - 4. Let l be d(-18). Calculate the greatest common factor of 462 and l.
14
Let l(b) = 2*b**2 + 34*b - 75. Let m be l(-20). Calculate the highest common divisor of 255 and m.
15
Suppose -5*v + 761 = -0*m + 3*m, -2*m = v - 148. Suppose v = 4*h - 134. Suppose 6*f - f = 45. What is the highest common factor of f and h?
9
Suppose 27*d = 7*d + 360. What is the greatest common factor of 594 and d?
18
Let s = 30 - 24. Suppose -s*r = -9*r + 156. Calculate the greatest common factor of r and 13.
13
Let m(o) = -3*o**2 - 57*o - 2. Let l be m(-18). Calculate the highest common divisor of 182 and l.
26
Let o = -8 + 13. Suppose -3 + 1 = o*n - 4*z, 5*n + 8 = z. Let d be -12*(9/n - -2). Calculate the greatest common factor of 6 and d.
6
Suppose n - 33*t = -31*t + 13, -5*t + 41 = n. Calculate the highest common divisor of 1239 and n.
21
Suppose 0 = -4*a + 147 + 789. Suppose 0*z = -2*z + a. Let f = 412 + -399. What is the greatest common factor of z and f?
13
Suppose u - 6*u - 1665 = 0. Suppose 0 = -2*p - 3*p - 2875. Let g = u - p. What is the greatest common factor of 22 and g?
22
Let f(l) = 2*l**2 + 5. Let w be f(-8). Let a be -6*(6 - 3) - 1. Let y be (a/(-2))/((-4)/(-8)). What is the highest common divisor of w and y?
19
Let z(y) = y**2 - 2*y + 7. Let j be z(8). Let k = -34 + j. What is the highest common factor of 105 and k?
21
Let b = 184 - 139. Calculate the greatest common factor of b and 165.
15
Let y = 4 - 1. Let w be 24*(-2)/(-8)*y. Suppose -6*z + 2 = -70. Calculate the greatest common factor of z and w.
6
Suppose 5*y + 4*o = -14, -4*y - 10 = 2*o - 0*o. Let n be (-142)/(-6) - y - 4/(-12). What is the highest common divisor of 104 and n?
26
Let z be 6/12 + 31/2. Suppose -3*c + h + 176 = 5*h, -5*c - 3*h = -308. What is the greatest common factor of c and z?
16
Suppose -370 = -7*s + 5*s. Let u = s - 107. Calculate the greatest common factor of 39 and u.
39
Suppose 0 = 526*g - 537*g + 6336. Calculate the greatest common factor of g and 9.
9
Let g be 2 + (-3)/(9/33). Let u be (2 - (-30)/g)*-87. Let j(n) = n**3 + 8*n**2 + 11*n + 9. Let h be j(-4). What is the greatest common factor of u and h?
29
Let h(i) = 3*i - 2. Let b be h(2). Suppose z + 5*w = 5*z - 10, b*w = z - 8. Suppose 0 = -5*m - z*m + 85. What is the greatest common divisor of m and 85?
17
Let z be (23 - 17)*((-2)/1 - -4). What is the greatest common divisor of 54 and z?
6
Suppose 3*q - 6 = -5*o, 0*q + 2*q - 3*o = 4. Suppose 0 = -4*l + 3*y + 65, -48 = -3*l - 2*y + 4*y. Calculate the highest common divisor of q and l.
2
Suppose 5*c - 120 + 20 = 0. Suppose 0*i + i - 3*b + 13 = 0, -4*i - 66 = 2*b. Let k = i + c. What is the greatest common divisor of 1 and k?
1
Suppose -4*s + 6*s - 127 = 5*j, -15 = 5*j. What is the greatest common divisor of 1064 and s?
56
Suppose 12*t = 14*t - 350. What is the greatest common divisor of t and 70?
35
Let r(o) = -o**2 - 13*o - 4. Let h be r(-9). Let w = h + -1. What is the highest common factor of 62 and w?
31
Let u(i) = -24*i + 62. Let l be u(2). What is the greatest common divisor of 28 and l?
14
Let n be (14/4)/(-4*(-15)/5040). What is the greatest common divisor of 84 and n?
42
Suppose -m = m - 2*o - 204, -m = -4*o - 96. Let q be 9/6*m/12. Calculate the highest common factor of 13 and q.
13
Suppose -90 - 78 = -4*v - 4*k, -4*v - 5*k + 171 = 0. What is the greatest common divisor of v and 18?
3
Let y = 9 + -4. Suppose -f + 12 = y*b - 197, 5*b - f - 211 = 0. What is the highest common divisor of b and 6?
6
Let p be ((-6)/18)/(2/(-30)). Suppose 2*c - 3*c + 5*h = 0, -5*h = -p*c + 40. Calculate the highest common divisor of c and 70.
10
Let x(f) = f**2 + 10*f - 2*f**2 + 266 - 264. Let r be x(8). Suppose -2*j = -r - 62. Calculate the greatest common divisor of 5 and j.
5
Suppose -373*i = -370*i - 270. What is the highest common divisor of i and 50?
10
Let z(a) = 2*a - 9. Let r be z(6). Suppose 0 = -r*v + 4*k + 257, 0 = -2*v + 4*v - 5*k - 162. Calculate the greatest common divisor of v and 13.
13
Let o = 41 + -38. Let c be o/(-6)*(-19 - 3). Let j be 0 + c/((-11)/(-24)). Calculate the highest common divisor of 216 and j.
24
Suppose -5*z + y + 45 = 4, -4*z + 35 = -3*y. Let w(u) = -u + 22. Let t be w(14). What is the highest common factor of z and t?
8
Suppose -5*c - 17 = -r - 2*c, -5*c = -5*r + 55. What is the greatest common factor